{"id":207,"date":"2026-05-07T08:22:58","date_gmt":"2026-05-07T11:22:58","guid":{"rendered":"https:\/\/extension.unam.edu.ar\/?page_id=207"},"modified":"2026-05-07T12:05:56","modified_gmt":"2026-05-07T15:05:56","slug":"semana-regional-de-la-extension-universitaria-unam-2026","status":"publish","type":"page","link":"https:\/\/extension.unam.edu.ar\/index.php\/semana-regional-de-la-extension-universitaria-unam-2026\/","title":{"rendered":""},"content":{"rendered":"\n<figure class=\"wp-block-image aligncenter size-full is-resized\"><img loading=\"lazy\" decoding=\"async\" width=\"900\" height=\"300\" src=\"https:\/\/extension.unam.edu.ar\/wp-content\/uploads\/2026\/05\/semana-de-la-extension-gris-1.png\" alt=\"\" class=\"wp-image-210\" style=\"width:786px;height:auto\" srcset=\"https:\/\/extension.unam.edu.ar\/wp-content\/uploads\/2026\/05\/semana-de-la-extension-gris-1.png 900w, https:\/\/extension.unam.edu.ar\/wp-content\/uploads\/2026\/05\/semana-de-la-extension-gris-1-300x100.png 300w\" sizes=\"auto, (max-width: 900px) 100vw, 900px\" \/><\/figure>\n\n\n\n<p>Del<strong>\u00a026 al 29 de mayo<\/strong>\u00a0se realizar\u00e1 la\u00a0<strong>Semana Regional de la Extensi\u00f3n Universitaria<\/strong>\u00a0con el objetivo de visibilizar, sistematizar y difundir los proyectos de extensi\u00f3n aprobados en el periodo 2022-2024 en la UNaM. Hasta el 22 de mayo est\u00e1n abiertas las inscripciones a trav\u00e9s de un formulario online:\u00a0<a href=\"https:\/\/forms.gle\/HcoDCzsa5GPVrFLj8\" target=\"_blank\" rel=\"noreferrer noopener\">https:\/\/forms.gle\/HcoDCzsa5GPVrFLj8<\/a><\/p>\n\n\n\n<p>La publicaci\u00f3n de los proyectos se realizar\u00e1 en modo digital en un micrositio institucional permanente, alojado en la secci\u00f3n de la Secretar\u00eda General de Extensi\u00f3n dentro de la web oficial de la UNaM.<br>Los materiales a publicar incluir\u00e1n posters digitales elaborados en formato institucional, sintesis descriptivas de los proyectos, y de manera opcional, piezas audiovisuales breves de presentaci\u00f3n.<br>Hasta el 22 de mayo, la inscripci\u00f3n de los proyectos se realiza a trav\u00e9s de un&nbsp;<strong>formulario digital institucional<\/strong>, canal oficial para la carga de la informaci\u00f3n. Acceso al formulario:&nbsp;<a href=\"https:\/\/forms.gle\/HcoDCzsa5GPVrFLj8\" target=\"_blank\" rel=\"noreferrer noopener\">https:\/\/forms.gle\/HcoDCzsa5GPVrFLj8<\/a><br>Adem\u00e1s, durante la semana, cada unidad acad\u00e9mica coordinar\u00e1 actividades espec\u00edficas, conversatorios, charlas e intercambios que comunicar\u00e1n en los pr\u00f3ximos d\u00edas de acuerdo a sus propias agendas institucionales.<br>Para acceder a los fundamentos, las bases y condiciones, descargar el siguiente documento:&nbsp;<a href=\"https:\/\/unam.edu.ar\/images\/DOCUMENTOS\/resol_287_2026_semana_regional_extension_unam_compressed.pdf\" target=\"_blank\" rel=\"noreferrer noopener\">LINK DE DESCARGA<\/a><\/p>\n\n\n\n<p><strong>El pilar de la UNaM<\/strong><br>La extensi\u00f3n universitaria es una parte fundamental de la universidad p\u00fablica y busca promover el v\u00ednculo con la comunidad y el desarrollo territorial. Es por ello que resulta necesario fortalecer los mecanismos institucionales de registro, sistematizaci\u00f3n y visibilizaci\u00f3n de los proyectos de extensi\u00f3n universitaria desarrollados en la Universidad Nacional de Misiones.<br>En este sentido, la implementaci\u00f3n del Sistema de Acreditaci\u00f3n y Seguimiento de Proyectos Institucionales (SASPI) ha contribuido a ordenar el registro de actividades de extensi\u00f3n y un complemento de estos procesos es contribuir a una visibilizaci\u00f3n accesible mediante acciones concretas.<\/p>\n","protected":false},"excerpt":{"rendered":"<p>Del\u00a026 al 29 de mayo\u00a0se realizar\u00e1 la\u00a0Semana Regional de la Extensi\u00f3n Universitaria\u00a0con el objetivo de visibilizar, sistematizar y difundir los proyectos de extensi\u00f3n aprobados en el periodo 2022-2024 en la UNaM. Hasta el 22 de mayo est\u00e1n abiertas las inscripciones a trav\u00e9s de un formulario online:\u00a0https:\/\/forms.gle\/HcoDCzsa5GPVrFLj8 La publicaci\u00f3n de los proyectos se realizar\u00e1 en modo &hellip; <\/p>\n<p class=\"link-more\"><a href=\"https:\/\/extension.unam.edu.ar\/index.php\/semana-regional-de-la-extension-universitaria-unam-2026\/\" class=\"more-link\">Read more<span class=\"screen-reader-text\"> &#8220;&#8221;<\/span><\/a><\/p>\n","protected":false},"author":4,"featured_media":0,"parent":0,"menu_order":0,"comment_status":"closed","ping_status":"closed","template":"","meta":{"_advanced_animation_props":"{}","_advanced_custom_css":"","inspiro_hide_title":false,"footnotes":""},"class_list":["post-207","page","type-page","status-publish","hentry"],"_links":{"self":[{"href":"https:\/\/extension.unam.edu.ar\/index.php\/wp-json\/wp\/v2\/pages\/207","targetHints":{"allow":["GET"]}}],"collection":[{"href":"https:\/\/extension.unam.edu.ar\/index.php\/wp-json\/wp\/v2\/pages"}],"about":[{"href":"https:\/\/extension.unam.edu.ar\/index.php\/wp-json\/wp\/v2\/types\/page"}],"author":[{"embeddable":true,"href":"https:\/\/extension.unam.edu.ar\/index.php\/wp-json\/wp\/v2\/users\/4"}],"replies":[{"embeddable":true,"href":"https:\/\/extension.unam.edu.ar\/index.php\/wp-json\/wp\/v2\/comments?post=207"}],"version-history":[{"count":6,"href":"https:\/\/extension.unam.edu.ar\/index.php\/wp-json\/wp\/v2\/pages\/207\/revisions"}],"predecessor-version":[{"id":214,"href":"https:\/\/extension.unam.edu.ar\/index.php\/wp-json\/wp\/v2\/pages\/207\/revisions\/214"}],"wp:attachment":[{"href":"https:\/\/extension.unam.edu.ar\/index.php\/wp-json\/wp\/v2\/media?parent=207"}],"curies":[{"name":"wp","href":"https:\/\/api.w.org\/{rel}","templated":true}]}}